- (((101 - 100) + 1 + -1 - 9) + 17).
-9
-14 + -8 + -1 + 1 + 12 + -11
-21
Calculate 0 + -38 + (1312 - 1306).
-32
Evaluate (-7 - ((20 - 12) + -14)) + 1 + -8 + -18.
-26
What is the value of (78 - (-56 - -126)) + -41 + 0?
-33
-64 - (-126 + 42) - 53
-33
Evaluate 69 + (-39 - (13 - 24)).
41
69 + -5 + (1 + -3 - (-189 - -183))
68
What is -14 - -22 - -46 - (0 - (-6 - 6))?
42
What is -5 + 11 - (-18 + (11 - 17) + 14 + 47)?
-31
What is (6 - -9 - 7 - 6) + (-7 - -21 - 3)?
13
Calculate -13 + (0 - (0 + 0 - -1)) - (-54 - 21).
61
What is 13 - (-26 + 35 + 7 + -15 + -1)?
13
What is the value of 6 + (14 - -8) + -72 + (-3 + 15 - 5)?
-37
Calculate (24 - -131 - 77) + -39.
39
What is the value of -15 + 29 + 4 + (-13 - 0 - -11)?
16
Calculate 5 + (-26 - -10 - 45).
-56
Evaluate -136 + 149 - (63 + -9).
-41
Evaluate (-40 - -19 - -4) + -10.
-27
What is 27 + (3 - ((12 - 11) + 7))?
22
Calculate -15 + 0 + 1 + -166 + 143.
-37
57 + (-4 + -15 + 31 + -11 - -14)
72
(-17 + 12 - -4) + 9 + -6 + -9
-7
7 + (-26 + 16 - -28 - 19)
6
What is the value of (-51 - 1 - 2) + (8666 - 8692)?
-80
Calculate (-44 + 14 - -56) + -17 - (1 - 17).
25
Calculate 119 + (47 + -23 - 60).
83
What is the value of (4 - (0 - 5)) + (-51 - -22) + 11?
-9
What is the value of (14 - -1) + (184 - 304) + 221?
116
Calculate (24 - 10 - (-33 - -24)) + 6.
29
Evaluate (41 + 14 - 108) + 7.
-46
Evaluate -169 + (6 + -12 + 8 - (-125 + 112)) + 1.
-153
Calculate -5 - (-18 + (-45 - -88)).
-30
0 + -3 + 11 - (12 + -2 - (25 + -40))
-17
Evaluate -10 + (76 - 70) + -22 + (0 - (1 + 0)).
-27
Calculate (-41 - (26 - 116) - 98) + -36.
-85
-56 + (-44 - -94) + (-2 - 33) + 5
-36
What is the value of 19 - (39 - (23 - 34))?
-31
What is 217 + 65 + -98 + -101?
83
What is the value of 115 + -1 + (-4461 - -4473)?
126
Evaluate -10 - (-130 + -20 + 150).
-10
Calculate -1299 + 1290 + -1 + -127 + 2.
-135
What is the value of 56 + (-138 - (-35 + -14))?
-33
What is the value of -13 - ((0 - -9) + -10 + -2) - 67?
-77
What is 1 - (1 + 0 + -33 + (46 - 8)) - -3?
-2
What is -1 + -25 + 876 + -848 - (0 - 2)?
4
What is the value of -480 - -437 - (-12 - 0) - 2?
-33
What is the value of 0 - -12 - (1059 + -1016)?
-31
What is the value of -8 + 1 - (-96 - (-55 + 2))?
36
-29 - (-10 - -1 - (8 + (-4 - 25))) - -13
-28
Calculate (-8 + 2 - 3) + (20 + -10 - 6).
-5
-68 + (25 - (5 + 0 - 12))
-36
Calculate 31 - (6 - (-35 - (-26 - -9))).
7
What is the value of -704 + 694 + -8 + -3 + 50?
29
(15 - -4) + (13 - 23) + 124 - 5 - -1
129
Evaluate 18 - (0 + 1) - (-6512 + 6478).
51
Calculate 9 - (79 - (130 - 63) - (1 - 11)).
-13
What is 9 - (1 - 0 - -6 - (-87 - (-45 + -12)))?
-28
What is the value of 8 + -30 + (16 + -1 - 6) + 3 + 99?
89
What is 76 - (201 + (6 - 66))?
-65
17 + -16 + -6 + (48 - 35) + -95
-87
What is the value of 1 + 72 + (8 - (0 + -1) - (430 - 429))?
81
Calculate -46 + 38 + 17 - -21.
30
-35 + -1 + -1 + -13 + -6 + (12 - -8)
-36
Evaluate 34 - (4 + -17 + 44 + -45 + (-1 - -14)).
35
-23 + -1 + -5 + 1 + (37 - 42)
-33
What is the value of (-94 - (-122 - -39)) + (-23 - -1)?
-33
What is the value of 63 - (-3 - 10 - (35 + -16 + -50))?
45
What is the value of 3 + -91 + (-511 - -548)?
-51
Calculate (-27048 - -27081) + (-55 - -1).
-21
What is the value of 7 - (6 + -3) - (-68 + 90)?
-18
What is the value of 43 + 0 - (8602 - 8594)?
35
5 + 4 + -6 - (-2260 + 2322)
-59
What is 100 + -40 + 39 + (-5 - 32)?
62
What is -262 + 308 - (34 + 6) - -76?
82
Calculate 14 - (-59 + 90 - 46).
29
(12 - -8) + (846 - 758)
108
-51 - (3 + (46 - 231))
131
Evaluate 233 - (8 + -82 + 192).
115
What is the value of 43 + -7 + 5 + -6 + (11 - 8) + 1?
39
Evaluate 15 + -1 + 87 - 100.
1
What is the value of 156 - (7 + 29 - (77 + -72))?
125
Evaluate (49 + -1 - -1) + (-9 + 128 - 122).
46
Calculate 9 - (54 - ((-235 - -225) + -5 + -2)).
-62
29 - (0 + -2 + 4 + -8 - (1 - 8))
28
Calculate -4 - -19 - (60 + -3 + 9 + -6 - 6).
-39
What is the value of -13 - ((3 - (21 + -4)) + 8)?
-7
Calculate 64 + 76 + 32 + -79.
93
-9 - (-16 + (79 + 2 - (-1 + -30 + 45)))
-60
What is 129 + -91 + (-4 - (11 + -36))?
59
Calculate 4 - (-23 - (-47 - -79)).
59
63 + (-8 + -4 + 15 - 13) + -2
51
What is the value of -101 + ((-33 - -35) + -37 - -65)?
-71
Calculate (8 - 0) + 8 - (0 - (4 - -1)).
21
What is -20 - -2 - -10 - -95?
87
What is 1 + -7 - ((32 - 104) + 34)?
32
Evaluate 18668 + -18652 + (-10 - -1) + -2 + 2 + 2.
9
What is (6 - (16 - 7)) + (-30 - -39 - 28)?
-22
Evaluate -18 + (-3 - (-62 + 21)) - 16.
4
Evaluate (-5 - 12) + (71 - 68) - (6 - 23).
3
What is the value of -25 - (24 + -40 + 17)?
-26
What is the value of -4 + -9 + 16 + -10 + (10 - 0)?
3
Evaluate 64 - (31 - (13 - 1)) - (25 - 13).
33
Evaluate (0 - 44) + 28 + -15 - -31.
0
(-11 - -12 - -3) + -26 + (-3 + 17 - 26)
-34
103 - 3 - (107 + -8)
1
Calculate 4 + ((-12 - ((-6 - -18) + -12)) + 20 - 107).
-95
What is the value of (93 + -3 - 108) + 1?
-17
Calculate -422 + 412 + 1 + -1 + (2 + 45 - 1).
36
Calculate 57 - (-34 - -29) - -23.
85
What is the value of -41 - (-16 - 0 - -6 - (5 - 12))?
-38
Calculate -5040 - -5029 - (0 - -59).
-70
What is (-3 - -56) + 300 + -332?
21
Calculate 16 + -28 + (48 - (-1 - (-2 - 8 - -18))).
45
What is -3 + -143 - (-1950 + 1854)?
-50
Calculate -5 - ((-4 - -108) + 0) - (-2160 + 2150).
-99
(-15 + 22 - (0 + -3)) + (3 - -14) + 0
27
Evaluate (-14 - -1) + (2761 - 2767).
-19
Evaluate 24 + -1 - (145 - (219 + -251)).
-154
What is the value of (-38 - -15 - -25) + -90 + 25?
-63
What is the value of -3 + 2 + -2 + 10 - (-60 + 2) - -3?
68
Calculate 3 + (-1 - -3 - 28) + (-699 - -692).
-30
What is (26 + -19 - 19 - -12) + (-10 - -91 - 5)?
76
What is the value of -39 + 180 + -29 + -34?
78
What is -2855 - -2866 - (-1 - -1 - (-69 - 5))?
-63
Calculate -14 - (20 - 21 - 26) - (-5 + -34).
52
What is 0 + -13 + (-105 - (9 - 128)) - 33?
-32
Calculate (-5 - (8 - 9)) + (13 - (-10 + 13)).
6
What is the value of -8 - ((66 - 23) + -37) - (21 - -2)?
-37
What is the value of -1518 + 1639 + -226 + 6?
-99
-122 + 85 + 64 - -26
53
(37 - 27) + (-8 - 1) + (-3 + -43 - -2)
-43
223 + -97 + (-85 - 44)
-3
What is (44 - -21) + (-66 - -1)?
0
What is (-41 - (-4 - -8)) + (-4 - -6) + 1?
-42
Calculate (-1 - 21) + 14510 + -14572.
-84
What is the value of (1 - 7) + (2 - 3) + -8 + (-61 - -26)?
-50
Calculate (-1 + 2 - (0 - -76)) + 253 + (353 - 592).
-61
What is -2 + 4 + (77 - 81) + 4 + (-25 - 2)?
-25
Evaluate (10 - -20) + (41 - 67) + 139.
143
What is the value of -48 - (-110 - -23) - 16?
23
Calculate (-24 - -1) + (101 - (-4 - -25)).
57
What is (492 - 576) + 182 + 4?
102
Calculate (9 - -50 - 20) + -26 + 44.
57
What is the value of -59 + -8 + (69 - 29)?
-27
What is the value of -1 - (-1 + -9 + -6 + 20 + -5)?
0
(-15 - -3) + 19 + -17
-10
What is 4 - (3 + (-50 - -35))?
16
(-1523 - -1477) + (-1 - -13 - (-3 + 3))
-34
Evaluate -59 - (-54 - (-51 - 27)).
-83
Evaluate -33 + (2040 - 1919) + (7 - 0).
95
Calculate -11 + 1 + (-811 - -812) + 110 - -11.
112
Calculate -3 + -3 + 25 + -8 - (2 + -9 + 0).
18
8 + 24 + (-26 - -10) - (4 - 15)
27
What is the value of 102 + -174 + 52 - (1 + -12)?
-9
(-18 - -46 - 20) + -11 + 16
13
What is -48 + (45 - -26) + (13 - (-4 - 2))?
42
What is the value of -46 - -23 - (-27 - -18)?
-14
What is (4 - -21 - -3) + (-6 - (14 + -13))?
21
(-30 - -17) + -42 + 17
-38
Evaluate -69 + (13 - 16 - -9) - -13.
-50
(564 - 518) + -47 + -7
-8
Evaluate 142 + 8 + -39 + -30 - (-2 + 12).
71
Evaluate 80 - ((20 - -7) + -52 + 47).
58
Evaluate -24 + (-53 + 96 - 40) - (-2 - 54).
35
-1 + (73 - 68 - 25)
-21
What is (-4 - -101) + (-2 + -3 - -8) + -13 + 5?
92
(190 + -185 - (-2 - -8)) + -42 + (10 - 6)
-39
What is 2 - (6 + -9 + 17 + -15)?
3
Calculate (-5862 - -6076) + (-83 - 3).
128
What is the value of 103 - 70 - (-11 - -70)?
-26
Evaluate (9 - -83) + -2 + -54.
36
What is the value of 1 + -108 + (28 + -117 - -103)?
-93
51 - ((21 - (9 - 7)) + -12)
44
What is the value of 23 - (55 - 116 - -107)?
-23
What is (11 + -3 - 9) + 43 + -72?
-30
(282 - 283 - 56) + (5 - -1)
-51
16 + -15 - 31 - (-8 + 4 + 3 - -10)
-39
What is (-4 - (26 + -150)) + -133?
-13
-21 + -6 + 14 - (-2 + -24)
13
What is the value of -34 + -33 + 1 + 87 + -47?
-26
Calculate (5 - -4) + -57 - (177 - 185 - (1 - 11)).
-50
Calculate (-2 - -1) + (34 - -2) + -11 + (54 - 54).
24
3 - (1 + 14 - -10) - -4
-18
What is 167 + (-10 - 62) - 22?
73
What is the value of (2 - -2) + -18 + (46 - (34 - 21))?
19
What is 7 - 